{"id":31,"date":"2023-05-30T11:26:02","date_gmt":"2023-05-30T11:26:02","guid":{"rendered":"https:\/\/universidadeslectoras.es\/vcongreso\/?page_id=31"},"modified":"2023-07-29T13:12:58","modified_gmt":"2023-07-29T13:12:58","slug":"publicaciones","status":"publish","type":"page","link":"https:\/\/universidadeslectoras.es\/vcongreso\/index.php\/publicaciones\/","title":{"rendered":"Publicaciones del V Congreso Internacional RIUL: Cultura del Agua, Ecopatrimonio y ODS"},"content":{"rendered":"\n<p><strong>Comunicaciones escritas<\/strong>: acabado el Congreso, se dar\u00e1 un plazo adicional de un mes para remitir al Comit\u00e9 la versi\u00f3n escrita en formato de art\u00edculo o&nbsp;<em>paper<\/em>, que deber\u00e1 seguir las normas de publicaci\u00f3n de la revista \u00c1labe, que pueden consultarse&nbsp;&nbsp;<a href=\"http:\/\/revistaalabe.com\/index\/alabe\/about\/submissions\/#authorGuidelines\" target=\"_blank\" rel=\"noreferrer noopener\"><strong><em>aqu\u00ed<\/em><\/strong><\/a>, con una extensi\u00f3n m\u00e1xima de 5000 palabras (sin incluir la extensi\u00f3n de Bibliograf\u00eda o Referencias).<\/p>\n\n\n\n<p>El comit\u00e9 organizador, previa evaluaci\u00f3n ciega por pares, distribuir\u00e1 los trabajos aceptados, o bien como cap\u00edtulo de libro en una obra de la colecci\u00f3n Universidad y Lectura de la editorial Marcial Pons (Orden 7\/ SPI Q1), o bien como art\u00edculo en \u00c1labe, la revista de la Red Internacional de Universidades Lectoras (Fecyt Q1, literatura, JCR-JCI Q1 Literatura). Se considerar\u00e1 la posibilidad de un segundo libro en otra editorial de m\u00e1ximo prestigio en el SPI.&nbsp;<\/p>\n","protected":false},"excerpt":{"rendered":"<p>Comunicaciones escritas: acabado el Congreso, se dar\u00e1 un plazo adicional de un mes para remitir al Comit\u00e9 la versi\u00f3n escrita en formato<\/p>\n<p class=\"link-more\"><a class=\"myButt \" href=\"https:\/\/universidadeslectoras.es\/vcongreso\/index.php\/publicaciones\/\">Read More<\/a><\/p>\n","protected":false},"author":1,"featured_media":0,"parent":0,"menu_order":0,"comment_status":"closed","ping_status":"closed","template":"","meta":[],"_links":{"self":[{"href":"https:\/\/universidadeslectoras.es\/vcongreso\/index.php\/wp-json\/wp\/v2\/pages\/31"}],"collection":[{"href":"https:\/\/universidadeslectoras.es\/vcongreso\/index.php\/wp-json\/wp\/v2\/pages"}],"about":[{"href":"https:\/\/universidadeslectoras.es\/vcongreso\/index.php\/wp-json\/wp\/v2\/types\/page"}],"author":[{"embeddable":true,"href":"https:\/\/universidadeslectoras.es\/vcongreso\/index.php\/wp-json\/wp\/v2\/users\/1"}],"replies":[{"embeddable":true,"href":"https:\/\/universidadeslectoras.es\/vcongreso\/index.php\/wp-json\/wp\/v2\/comments?post=31"}],"version-history":[{"count":3,"href":"https:\/\/universidadeslectoras.es\/vcongreso\/index.php\/wp-json\/wp\/v2\/pages\/31\/revisions"}],"predecessor-version":[{"id":650,"href":"https:\/\/universidadeslectoras.es\/vcongreso\/index.php\/wp-json\/wp\/v2\/pages\/31\/revisions\/650"}],"wp:attachment":[{"href":"https:\/\/universidadeslectoras.es\/vcongreso\/index.php\/wp-json\/wp\/v2\/media?parent=31"}],"curies":[{"name":"wp","href":"https:\/\/api.w.org\/{rel}","templated":true}]}}